is the greatest common divisor of s and 23?
23
Let m = -1087 - -1169. Calculate the highest common factor of 2132 and m.
82
Let h = 1861 - 1825. What is the highest common factor of h and 378?
18
Let j(f) = 109*f - 432. Let u be j(4). Let r be ((-28)/3)/((-3)/9). Calculate the greatest common divisor of r and u.
4
Let j = 111 - 101. Let s be 8/(-12)*15/(-2). Calculate the greatest common factor of s and j.
5
Let w(d) = 15*d + 27. Let f be w(-1). What is the highest common divisor of 60 and f?
12
Let l be -1 + -2 + 3 - -299. Let h = l + -211. What is the highest common factor of 22 and h?
22
Let d(s) = -3*s - 14. Suppose 0 = -5*o - 4*b - 31 + 1, 5*b = 0. Let k be d(o). Let t = -4 + 6. Calculate the highest common factor of t and k.
2
Let c be ((-16)/(-20))/(1/15). Suppose -8*n + c = -5*n. Suppose -3*s + 18 = 2*b - 9, 4*s = 4*b - n. What is the greatest common divisor of b and 15?
3
Suppose 3 = -3*y, f + 415 = 4*f + 5*y. Let v be ((-8)/(-20))/(2/10) + 54. What is the highest common divisor of v and f?
28
Let n(q) = 64*q**2 - 5*q + 7. Let j be n(2). What is the greatest common factor of 33 and j?
11
Let r be 2/(-9) + (-975)/(-135). Suppose 2*c = r*c - 15. What is the highest common divisor of 9 and c?
3
Let d be 1485/(-198)*(-12)/5. Calculate the greatest common factor of 315 and d.
9
Suppose -6*r + 7*r + 19 = 0. Let y be (r - -1)*6/(-9). Let f be -30*(-1 + 2 - 2). Calculate the highest common factor of y and f.
6
Let p(o) = -17*o - 220. Let k be p(-63). Calculate the greatest common divisor of k and 37.
37
Let n(u) = -u**3 - 23*u**2 - 21*u + 30. Let y be n(-22). Suppose 5*i - 24 = 4*i. Calculate the greatest common divisor of y and i.
8
Let y be (-26)/(7/49 + 30/(-14)). Let a be (-198 - -2)/((-26)/y). Let m be -1 + 0 - -1 - -14. What is the highest common divisor of m and a?
14
Suppose 25 = 2*s + 3*h, -2*s - 13 = -5*h - 14. Suppose -130 = -4*z - 34. Calculate the greatest common divisor of z and s.
8
Let u(z) = -2*z**3 - 2*z**2 - 4*z + 5. Let y be u(-4). Suppose -5*r - 4*h + h + 405 = 0, 5*h = 5*r - 365. What is the highest common divisor of r and y?
39
Suppose 580 = -8*o + 756. Calculate the greatest common factor of 154 and o.
22
Let s = 1818 - 1614. What is the highest common divisor of s and 24?
12
Let f(z) = z**3 + 8*z**2 + 6*z + 7. Let n be f(-6). Suppose -533 = -10*j - n. Calculate the highest common divisor of j and 7.
7
Let v be (1 - (-2)/10)/((-48)/(-34440)). Calculate the greatest common divisor of 21 and v.
21
Let x be -21*3*5/(-15). Suppose 6*k - 5*k = -3*m + 7, -3*k + x = -4*m. What is the greatest common divisor of k and 1?
1
Suppose d + 2 = a, 2*a = -2*d - 2 - 2. Let f be (20/(-8))/(d/20). Suppose 2*k - 14 = -q + 4*q, -k = 4*q - 18. What is the highest common factor of k and f?
5
Let n(y) = y**2 + 13*y - 50. Let f be n(-18). What is the highest common factor of 8 and f?
8
Suppose -6 = -2*l + 52. Suppose -5*c = 4*o - l - 832, 3*c + 3*o - 519 = 0. Let u = c + -97. What is the highest common factor of 18 and u?
18
Let u be (((-9)/2)/(-3))/(47/282). What is the greatest common divisor of 63 and u?
9
Let b = -4 + 8. Let s(l) = l - 1. Let u be s(-1). Let n be (u/5)/((-10)/900). What is the greatest common divisor of n and b?
4
Suppose -2*f - 209 = -3*f. What is the greatest common factor of 19 and f?
19
Suppose -3*j - 2*u - 8 = 0, -2*j - 10 = 2*u - 2. Suppose -5*s + 2*m + 8 = -4*s, -4*m + 12 = j. What is the highest common factor of 35 and s?
7
Let q = 12 - 10. Let b = q + -7. Let x be 1 - 0 - (b - -2). Calculate the highest common divisor of x and 1.
1
Suppose 63 = -16*w + 7*w. Let n be (w/3)/((-19)/114). What is the greatest common factor of n and 2?
2
Let q(z) = 2*z + 7. Let o be q(5). Suppose -3*f = 2*p - 67, 5*f = -2*p - 30 + 135. Suppose -t = 2 - f. What is the highest common factor of o and t?
17
Let r = -680 - -850. Calculate the greatest common divisor of 50 and r.
10
Let m(w) be the first derivative of -w**4/4 - w**3/3 - 6. Let n be m(1). Let x = 24 + n. What is the highest common divisor of 11 and x?
11
Let b(n) be the second derivative of -n**3/2 - 4*n**2 - 3*n. Let o be b(-7). Let d be 36 + 5 + 0 + -2. Calculate the highest common divisor of o and d.
13
Suppose -i = 4*n - 64, 2*i + n - 316 = -2*i. Suppose -t + 6*t - i = 0. Calculate the greatest common divisor of 48 and t.
16
Suppose 0 = -5*r + 4*r + 18. Let v be (-14 + -39)*(-4)/2. Suppose -v = -3*q + 56. Calculate the highest common divisor of q and r.
18
Let l(q) = 10*q**2 + 8*q + 1. Let p be l(-1). Suppose p*d + 48 = k - 75, 4*k - 536 = d. What is the highest common factor of 18 and k?
9
Let s = 21654 + -21650. Let l be (-22)/(-5) + (-4)/10. What is the highest common divisor of s and l?
4
Let w = -7 + 66. Suppose -z - z = -h - w, -4*h = -4. What is the greatest common divisor of 75 and z?
15
Let y be 3/1*4/(-6). Let n be y*(2 - 4 - -1). Let b(l) = l**3 + 5*l**2 - 23*l + 10. Let u be b(-8). Calculate the highest common factor of n and u.
2
Suppose -s - 4*s + 2070 = 0. Calculate the highest common divisor of s and 46.
46
Suppose -4*g + 180 = -0*g. Let j = g - -50. What is the highest common divisor of 19 and j?
19
Let l(g) = -23*g - 2. Let b be l(-2). Suppose a + 2*i = 0, 5*a - 16 = -5*i + 3*i. Suppose -p = a - 8. What is the highest common factor of p and b?
4
Suppose 2*c - 13 = -u, -3*u = 3*c - 15 + 3. Suppose -11*b - 32 = -c*b. Let j be b/(-6)*(-6)/(-4). What is the greatest common divisor of j and 10?
2
Suppose 0 = 3*y + 4*t - 54 - 79, -3*y = -5*t - 151. What is the greatest common divisor of y and 893?
47
Let j(r) = r**3 + 11*r**2 + 4*r + 19. Let v be j(-11). Let n = -16 - v. Calculate the highest common factor of n and 99.
9
Suppose 0 = 16*q - 27*q + 132. What is the greatest common factor of 84 and q?
12
Suppose -51246 = z - 74*z. What is the highest common divisor of 54 and z?
54
Suppose 5*r = -4*a + 320, 5*r - 7*r + 128 = -3*a. Let t = r + -35. What is the greatest common factor of 87 and t?
29
Let t(k) = -k - 129. Let n be t(0). Let s = -57 - n. Calculate the greatest common divisor of 24 and s.
24
Let t = 79 + 908. What is the highest common factor of 21 and t?
21
Suppose 4*l + b - 167 = 0, -4 = -2*l - b + 79. Let z be -1 + (345/(-3))/5. Let c be (-50)/(-20)*z/(-10). Calculate the greatest common divisor of l and c.
6
Let i = 390 + -370. What is the highest common divisor of i and 5?
5
Let a(z) = z**3 + 13*z**2 - 17*z - 14. Let g be a(-14). Let u be (1/(-2))/(4/(-560)). Calculate the greatest common factor of g and u.
14
Let d(z) = 7*z + 25. Let l be d(-10). Let a be (4/(-6))/(2/l). What is the highest common divisor of a and 45?
15
Let t be ((-21)/(-2))/((-13)/(-624)*12). What is the greatest common divisor of t and 105?
21
Let c(w) = w - 3. Let i be c(9). Suppose 2*u - 4*t = 6, -u = -3*u - 2*t + i. Suppose -132 = -4*y - 0*y. What is the greatest common divisor of u and y?
3
Let p be (-5)/((-10)/224)*1. Suppose -5*c = -159 + 39. Let d be (1*-21)/(c/(-16)). Calculate the greatest common factor of p and d.
14
Suppose -264 = 14*p - 10*p. Let j = p + 79. Suppose -2*d = -y - 28, 2*y - 19 - 3 = -2*d. Calculate the greatest common divisor of d and j.
13
Let t = -465 + 987. Suppose 0*i + 513 = 5*w + i, 4*i = -5*w + t. Suppose 0*o - 2*o + w = 0. Calculate the highest common factor of o and 17.
17
Let b = 260 - 89. What is the highest common divisor of 36 and b?
9
Let a = 35 - 22. Let l be 1 + -3 + -1 + a. Suppose -6*s - 2*o + 50 = -s, -3*o + 20 = 2*s. Calculate the highest common divisor of s and l.
10
Suppose -15 = -5*u, -2*b + 3*u + 108 = 7*u. Let o(p) = 5*p**3 - 4*p**2 + 8*p - 8. Let v be o(2). Calculate the greatest common factor of v and b.
16
Suppose -196 + 5461 = 9*l. What is the greatest common factor of l and 45?
45
Let i = 10 - -4. Suppose a - 5*f = 55, -198 = -a - 2*a + 4*f. What is the greatest common factor of a and i?
14
Suppose -4*j - 4*o = 700, -6*j - 525 = -3*j - 3*o. Let d = -145 - j. Let k = 16 - 6. What is the greatest common factor of d and k?
10
Let k be (510/(-12))/17*64/(-10). Calculate the highest common divisor of 16 and k.
16
Let g = -7 + -2. Let i(b) = -b**2 - 9*b + 5. Let k be i(g). Calculate the highest common factor of 25 and k.
5
Let s be (2 - 0)*34*(-1)/4. Let o be 3 + (-1 - -2) - -1. Let n be -1 + o - (s - -10). What is the grea